{"id":45,"date":"2018-10-05T10:07:48","date_gmt":"2018-10-05T10:07:48","guid":{"rendered":"http:\/\/compuri.de\/?page_id=45"},"modified":"2022-03-31T14:36:43","modified_gmt":"2022-03-31T14:36:43","slug":"preise","status":"publish","type":"page","link":"https:\/\/www.vereinstennisschule-neubrunn.de\/?page_id=45","title":{"rendered":"Preise"},"content":{"rendered":"<p style=\"text-align: center;\">Wir verfolgen ein einfaches, transparentes und unkompliziertes Preismodell:<\/p>\n<p style=\"text-align: center;\">Unabh\u00e4ngig von Gruppengr\u00f6\u00dfen kostet jede Tennisstunde (60 Minuten)<\/p>\n<p style=\"text-align: center;\">f\u00fcr<strong> Mitglieder<\/strong> der kooperierenden Vereine<\/p>\n<p style=\"text-align: center;\">je nach Trainer<\/p>\n<p style=\"text-align: center;\"><strong>\u00a0 zwischen 28 und 34 Euro \u00b9<br \/>\n<\/strong><\/p>\n<p style=\"text-align: center;\">(inkl. Mehrwertsteuer)<strong><br \/>\n<\/strong><\/p>\n<p style=\"text-align: center;\">Die Trainingskosten werden bei Jugendlichen \u00fcber den Verein abgerechnet,<\/p>\n<p style=\"text-align: center;\">wobei diese je nach Verein durch Zusch\u00fcsse reduziert werden.<\/p>\n<p style=\"text-align: center;\">Ob und in welcher H\u00f6he Zusch\u00fcsse gew\u00e4hrt werden, kann bei der Tennisschule<\/p>\n<p style=\"text-align: center;\">oder dem Verein erfragt werden. Erwachsene zahlen die Trainingskosten<\/p>\n<p style=\"text-align: center;\">direkt beim Trainer. F\u00fcr das Wintertraining erh\u00e4lt die Tennisschule attraktive <a href=\"http:\/\/www.tc-neubrunn.de\/hallenpreisliste_2017_18.pdf\"><span style=\"color: #0000ff;\">Hallenpreise<\/span>,<\/a><\/p>\n<p style=\"text-align: center;\">so dass ein ganzj\u00e4hriges Training kosteng\u00fcnstig angeboten werden kann.<\/p>\n<p>Auch wir kommen um das Kleingedruckte nicht herum, daher sind &#8230;.<\/p>\n<p><strong>\u00a0\u00a0\u00a0\u00a0\u00a0\u00a0\u00a0\u00a0\u00a0\u00a0\u00a0\u00a0\u00a0\u00a0\u00a0\u00a0\u00a0\u00a0\u00a0\u00a0\u00a0\u00a0\u00a0\u00a0\u00a0\u00a0\u00a0\u00a0\u00a0\u00a0\u00a0\u00a0\u00a0\u00a0\u00a0\u00a0\u00a0\u00a0\u00a0\u00a0\u00a0\u00a0\u00a0\u00a0\u00a0\u00a0\u00a0\u00a0\u00a0\u00a0\u00a0\u00a0\u00a0\u00a0\u00a0\u00a0\u00a0 &#8230;&#8230;.hier unsere\u00a0Allgemeinen Gesch\u00e4ftsbedingungen:\u00a0<\/strong><\/p>\n<p><strong>Laufzeit:<\/strong><\/p>\n<p>Die Kooperationen laufen f\u00fcr das Sommertraining v. 01.05 bis 30.09\u00a0und f\u00fcr das Wintertraining v. 01.10 bis 30.04<\/p>\n<p><strong>K\u00fcndigung:<\/strong><\/p>\n<p>K\u00fcndigungen von Kooperationen und Stunden sind zum 01. Oktober\u00a0und zum 01. Mai bei einer K\u00fcndigungsfrist von drei Monaten m\u00f6glich.<\/p>\n<p><strong>Trainingszeiten:\u00a0\u00a0 <\/strong><\/p>\n<p>In den Sommerferien des jeweiligen Bundeslandes des Vereins und an\u00a0Feiertagen findet der Trainingsbetrieb nur nach Absprache statt. In den\u00a0anderen Ferienzeiten findet das Training prinzipiell statt, kann aber bei\u00a0rechtzeitiger Absage (vgl. Punkt \u201eAbsagen\u201c) storniert werden.<\/p>\n<p><strong>Absagen: \u00a0 \u00a0 \u00a0 \u00a0 \u00a0 \u00a0 <\/strong><\/p>\n<p>Werden Gruppenstunden von den Teilnehmern mind. 72 Stunden vor Trainingsbeginn begr\u00fcndet abgesagt, werden diese nicht berechnet.<\/p>\n<p><strong>Ausf\u00e4lle:<\/strong><\/p>\n<p>Sofern der Trainer bereits mit dem Training begonnen hat, besteht kein\u00a0Ersatzanspruch bei witterungsbedingtem Abbruch des Trainingstages.<\/p>\n<p><strong>Haftung:<\/strong><\/p>\n<p>Die Vereinstennisschule haftet nicht f\u00fcr Sch\u00e4den im Zusammenhang mit dem Training. Hierf\u00fcr zeichnen die Trainer verantwortlich, jedoch auch nur bei Vorsatz oder grober Fahrl\u00e4ssigkeit.<\/p>\n<pre>\n\n(1) Ausgenommen Tauberbischofsheim; hier Staffelung nach Gruppengr\u00f6\u00dfen und\u00a0 bedingt durch die Dienstleistung der Abrechnungs\u00fcbernahme f\u00fcr den Verein abweichende Stundens\u00e4tze.<\/pre>\n","protected":false},"excerpt":{"rendered":"<div class=\"mh-excerpt\"><p>Wir verfolgen ein einfaches, transparentes und unkompliziertes Preismodell: Unabh\u00e4ngig von Gruppengr\u00f6\u00dfen kostet jede Tennisstunde (60 Minuten) f\u00fcr Mitglieder der kooperierenden Vereine je nach Trainer \u00a0 <a class=\"mh-excerpt-more\" href=\"https:\/\/www.vereinstennisschule-neubrunn.de\/?page_id=45\" title=\"Preise\">[&#8230;]<\/a><\/p>\n<\/div>","protected":false},"author":1,"featured_media":0,"parent":0,"menu_order":0,"comment_status":"closed","ping_status":"closed","template":"","meta":{"footnotes":""},"class_list":["post-45","page","type-page","status-publish","hentry"],"_links":{"self":[{"href":"https:\/\/www.vereinstennisschule-neubrunn.de\/index.php?rest_route=\/wp\/v2\/pages\/45","targetHints":{"allow":["GET"]}}],"collection":[{"href":"https:\/\/www.vereinstennisschule-neubrunn.de\/index.php?rest_route=\/wp\/v2\/pages"}],"about":[{"href":"https:\/\/www.vereinstennisschule-neubrunn.de\/index.php?rest_route=\/wp\/v2\/types\/page"}],"author":[{"embeddable":true,"href":"https:\/\/www.vereinstennisschule-neubrunn.de\/index.php?rest_route=\/wp\/v2\/users\/1"}],"replies":[{"embeddable":true,"href":"https:\/\/www.vereinstennisschule-neubrunn.de\/index.php?rest_route=%2Fwp%2Fv2%2Fcomments&post=45"}],"version-history":[{"count":6,"href":"https:\/\/www.vereinstennisschule-neubrunn.de\/index.php?rest_route=\/wp\/v2\/pages\/45\/revisions"}],"predecessor-version":[{"id":612,"href":"https:\/\/www.vereinstennisschule-neubrunn.de\/index.php?rest_route=\/wp\/v2\/pages\/45\/revisions\/612"}],"wp:attachment":[{"href":"https:\/\/www.vereinstennisschule-neubrunn.de\/index.php?rest_route=%2Fwp%2Fv2%2Fmedia&parent=45"}],"curies":[{"name":"wp","href":"https:\/\/api.w.org\/{rel}","templated":true}]}}