{"id":402,"date":"2018-11-04T22:36:48","date_gmt":"2018-11-04T22:36:48","guid":{"rendered":"http:\/\/compuri.de\/?page_id=402"},"modified":"2021-04-19T16:59:35","modified_gmt":"2021-04-19T16:59:35","slug":"tc-retzbach","status":"publish","type":"page","link":"https:\/\/www.vereinstennisschule-neubrunn.de\/?page_id=402","title":{"rendered":"TSV Retzbach &#8211; Abteilung Tennis"},"content":{"rendered":"<p><img loading=\"lazy\" decoding=\"async\" class=\"alignright\" src=\"http:\/\/www.tsv-retzbach.de\/tsv1871\/images\/stories\/TSV_Retzbach\/Tennis\/TennisLogo_2.jpg\" alt=\"TennisLogo 2\" width=\"144\" height=\"87\" \/><\/p>\n<p style=\"text-align: right;\"><span style=\"color: #0000ff;\">\u00a0<a style=\"color: #0000ff;\" href=\"http:\/\/www.tsv-retzbach.de\/tsv1871\/tennis.html\">Link zur Homepage<\/a><\/span><\/p>\n<p>Das Angebot der bereits 1971 gegr\u00fcndete Tennisabteilung des TSV Retzbach wird von rund 80 Mitgliedern in Anspruch genommen. Hierzu z\u00e4hlen unter anderem die sch\u00f6n gelegenen vier Sandpl\u00e4tze. Am Rundenbetrieb nimmt der Verein mit sechs Mannschaften teil. Bereits seit 2016 wird der Trainingsbetrieb durch die Tennisschule unterst\u00fctzt.<\/p>\n","protected":false},"excerpt":{"rendered":"<div class=\"mh-excerpt\"><p>\u00a0Link zur Homepage Das Angebot der bereits 1971 gegr\u00fcndete Tennisabteilung des TSV Retzbach wird von rund 80 Mitgliedern in Anspruch genommen. Hierzu z\u00e4hlen unter anderem <a class=\"mh-excerpt-more\" href=\"https:\/\/www.vereinstennisschule-neubrunn.de\/?page_id=402\" title=\"TSV Retzbach &#8211; Abteilung Tennis\">[&#8230;]<\/a><\/p>\n<\/div>","protected":false},"author":1,"featured_media":0,"parent":0,"menu_order":0,"comment_status":"closed","ping_status":"closed","template":"","meta":{"footnotes":""},"class_list":["post-402","page","type-page","status-publish","hentry"],"_links":{"self":[{"href":"https:\/\/www.vereinstennisschule-neubrunn.de\/index.php?rest_route=\/wp\/v2\/pages\/402","targetHints":{"allow":["GET"]}}],"collection":[{"href":"https:\/\/www.vereinstennisschule-neubrunn.de\/index.php?rest_route=\/wp\/v2\/pages"}],"about":[{"href":"https:\/\/www.vereinstennisschule-neubrunn.de\/index.php?rest_route=\/wp\/v2\/types\/page"}],"author":[{"embeddable":true,"href":"https:\/\/www.vereinstennisschule-neubrunn.de\/index.php?rest_route=\/wp\/v2\/users\/1"}],"replies":[{"embeddable":true,"href":"https:\/\/www.vereinstennisschule-neubrunn.de\/index.php?rest_route=%2Fwp%2Fv2%2Fcomments&post=402"}],"version-history":[{"count":4,"href":"https:\/\/www.vereinstennisschule-neubrunn.de\/index.php?rest_route=\/wp\/v2\/pages\/402\/revisions"}],"predecessor-version":[{"id":570,"href":"https:\/\/www.vereinstennisschule-neubrunn.de\/index.php?rest_route=\/wp\/v2\/pages\/402\/revisions\/570"}],"wp:attachment":[{"href":"https:\/\/www.vereinstennisschule-neubrunn.de\/index.php?rest_route=%2Fwp%2Fv2%2Fmedia&parent=402"}],"curies":[{"name":"wp","href":"https:\/\/api.w.org\/{rel}","templated":true}]}}