{"id":35,"date":"2018-10-05T09:57:49","date_gmt":"2018-10-05T09:57:49","guid":{"rendered":"http:\/\/compuri.de\/?page_id=35"},"modified":"2019-02-22T13:17:00","modified_gmt":"2019-02-22T13:17:00","slug":"home","status":"publish","type":"page","link":"https:\/\/www.vereinstennisschule-neubrunn.de\/","title":{"rendered":""},"content":{"rendered":"<div class=\"entry-content mh-clearfix\">\n<p style=\"text-align: center;\">Wir begr\u00fc\u00dfen Euch recht herzlich auf der Internetseite unserer Tennisschule.<\/p>\n<p style=\"text-align: center;\">Hier findet Ihr s\u00e4mtliche Informationen \u00fcber unser Leistungsspektrum, unsere<\/p>\n<p style=\"text-align: center;\">Aktionen zur Mitgliedergewinnung und -bindung sowie Informationen<\/p>\n<p style=\"text-align: center;\">zu unseren Kooperationsvereinen.<\/p>\n<p>&nbsp;<\/p>\n<p style=\"text-align: center;\">Unsere langj\u00e4hrigen Erfahrungen k\u00f6nnen wir mittlerweile in 9 Vereinen einbringen<\/p>\n<p style=\"text-align: center;\">und so durch Umsetzung von standardisierten Konzepten mit qualifizierten<\/p>\n<p style=\"text-align: center;\">Trainern und durch Zusammenarbeit mit engagierten Funktion\u00e4ren der angeschlossenen<\/p>\n<p style=\"text-align: center;\">Vereine die Attraktivit\u00e4t der Tennisclubs erhalten und ausbauen.<\/p>\n<p>&nbsp;<\/p>\n<p style=\"text-align: center;\">Mit unserer Philosophie \u201eQualit\u00e4t durch Quantit\u00e4t\u201c wollen wir die Vereine st\u00e4rken und<\/p>\n<p style=\"text-align: center;\">dazu beitragen, Interessierte \u2013 unabh\u00e4ngig von Spielst\u00e4rke und Alter \u2013 f\u00fcr<\/p>\n<p style=\"text-align: center;\">diesen wunderbaren Sport zu begeistern.<\/p>\n<p style=\"text-align: center;\">Lasst auch Euren Verein von einer Zusammenarbeit mit uns profitieren.<\/p>\n<p>&nbsp;<\/p>\n<p style=\"text-align: center;\"><strong>\u00a0\u00a0\u00a0\u00a0\u00a0 Wir freuen uns auf euch!<\/strong><\/p>\n<p style=\"text-align: center;\"><strong>\u00a0\u00a0\u00a0\u00a0\u00a0\u00a0\u00a0\u00a0 Manuel R\u00f6sch &amp; Julian M\u00fcller<\/strong><\/p>\n<h5>\u00a0<a href=\"http:\/\/compuri.de\/wp-content\/uploads\/2018\/10\/Logo.jpg\"><img loading=\"lazy\" decoding=\"async\" class=\"size-medium wp-image-22 aligncenter\" src=\"http:\/\/compuri.de\/wp-content\/uploads\/2018\/10\/Logo-300x92.jpg\" sizes=\"auto, (max-width: 300px) 100vw, 300px\" srcset=\"http:\/\/compuri.de\/wp-content\/uploads\/2018\/10\/Logo-300x92.jpg 300w, http:\/\/compuri.de\/wp-content\/uploads\/2018\/10\/Logo-700x216.jpg 700w\" alt=\"\" width=\"300\" height=\"92\" \/><\/a><\/h5>\n<\/div>\n","protected":false},"excerpt":{"rendered":"<div class=\"mh-excerpt\"><p>Wir begr\u00fc\u00dfen Euch recht herzlich auf der Internetseite unserer Tennisschule. Hier findet Ihr s\u00e4mtliche Informationen \u00fcber unser Leistungsspektrum, unsere Aktionen zur Mitgliedergewinnung und -bindung sowie <a class=\"mh-excerpt-more\" href=\"https:\/\/www.vereinstennisschule-neubrunn.de\/\" title=\"\">[&#8230;]<\/a><\/p>\n<\/div>","protected":false},"author":1,"featured_media":0,"parent":0,"menu_order":0,"comment_status":"closed","ping_status":"closed","template":"","meta":{"footnotes":""},"class_list":["post-35","page","type-page","status-publish","hentry"],"_links":{"self":[{"href":"https:\/\/www.vereinstennisschule-neubrunn.de\/index.php?rest_route=\/wp\/v2\/pages\/35","targetHints":{"allow":["GET"]}}],"collection":[{"href":"https:\/\/www.vereinstennisschule-neubrunn.de\/index.php?rest_route=\/wp\/v2\/pages"}],"about":[{"href":"https:\/\/www.vereinstennisschule-neubrunn.de\/index.php?rest_route=\/wp\/v2\/types\/page"}],"author":[{"embeddable":true,"href":"https:\/\/www.vereinstennisschule-neubrunn.de\/index.php?rest_route=\/wp\/v2\/users\/1"}],"replies":[{"embeddable":true,"href":"https:\/\/www.vereinstennisschule-neubrunn.de\/index.php?rest_route=%2Fwp%2Fv2%2Fcomments&post=35"}],"version-history":[{"count":6,"href":"https:\/\/www.vereinstennisschule-neubrunn.de\/index.php?rest_route=\/wp\/v2\/pages\/35\/revisions"}],"predecessor-version":[{"id":454,"href":"https:\/\/www.vereinstennisschule-neubrunn.de\/index.php?rest_route=\/wp\/v2\/pages\/35\/revisions\/454"}],"wp:attachment":[{"href":"https:\/\/www.vereinstennisschule-neubrunn.de\/index.php?rest_route=%2Fwp%2Fv2%2Fmedia&parent=35"}],"curies":[{"name":"wp","href":"https:\/\/api.w.org\/{rel}","templated":true}]}}