{"id":271,"date":"2018-10-21T17:56:21","date_gmt":"2018-10-21T17:56:21","guid":{"rendered":"http:\/\/compuri.de\/?page_id=271"},"modified":"2022-03-31T15:45:19","modified_gmt":"2022-03-31T15:45:19","slug":"tc-hoechberg","status":"publish","type":"page","link":"https:\/\/www.vereinstennisschule-neubrunn.de\/?page_id=271","title":{"rendered":""},"content":{"rendered":"<h1><strong>Tennisverein H\u00f6chberg<\/strong><img loading=\"lazy\" decoding=\"async\" class=\"alignright\" src=\"http:\/\/die-kracken.de\/hauptverein\/wp-content\/uploads\/2018\/07\/pic_logo_tgh%C3%B6chberg.png\" alt=\"TG H\u00f6chberg e.V. - Die Kracken\" width=\"97\" height=\"97\" \/><\/h1>\n<p style=\"text-align: right;\"><span style=\"color: #0000ff;\"><a style=\"color: #0000ff;\" href=\"https:\/\/die-kracken.de\/tennis\/\">Link zur Homepage<\/a><\/span><\/p>\n<p>Der Tennisverein ist ein Tochterverein der TG H\u00f6chberg von 1862 e.V. Die Tennisanlage mit 4 Sandpl\u00e4tzen befindet sich am Waldsportplatz. Auf die letzten vier Jahre kann der Verein mit einem Zuwachs von 50% auf nunmehr mehr als 230 Mitglieder im Jahr 2022 erfolgreich zur\u00fcckblicken. Insbesondere der hohe Anteil an Kindern\/Jugendlichen l\u00e4sst positiv in die Zukunft blicken.<\/p>\n<table class=\"taglib-search-iterator\" style=\"height: 193px;\" width=\"22\">\n<tbody>\n<tr class=\"listing-top\">\n<td><\/td>\n<td class=\"align-center\" style=\"text-align: center;\"><\/td>\n<td class=\"align-right\" style=\"text-align: center;\"><\/td>\n<\/tr>\n<tr class=\"listing-low\">\n<td><\/td>\n<td class=\"align-center\" style=\"text-align: center;\"><\/td>\n<td class=\"align-right\" style=\"text-align: center;\"><\/td>\n<\/tr>\n<tr class=\"listing-low\">\n<td><\/td>\n<td class=\"align-center\" style=\"text-align: center;\"><\/td>\n<td class=\"align-right\" style=\"text-align: center;\"><\/td>\n<\/tr>\n<tr class=\"listing-low\">\n<td><\/td>\n<td class=\"align-center\" style=\"text-align: center;\"><\/td>\n<td class=\"align-right\" style=\"text-align: center;\"><\/td>\n<\/tr>\n<tr class=\"listing-low\">\n<td><\/td>\n<td class=\"align-center\" style=\"text-align: center;\"><\/td>\n<td class=\"align-right\" style=\"text-align: center;\"><\/td>\n<\/tr>\n<tr class=\"listing-low\">\n<td><\/td>\n<td class=\"align-center\" style=\"text-align: center;\"><\/td>\n<td class=\"align-right\" style=\"text-align: center;\"><\/td>\n<\/tr>\n<tr class=\"listing-low\">\n<td><\/td>\n<td class=\"align-center\" style=\"text-align: center;\"><\/td>\n<td class=\"align-right\" style=\"text-align: center;\"><\/td>\n<\/tr>\n<tr class=\"listing-bottom\">\n<td style=\"text-align: center;\"><\/td>\n<td class=\"align-center\" style=\"text-align: center;\"><\/td>\n<td class=\"align-right\" style=\"text-align: center;\"><\/td>\n<\/tr>\n<\/tbody>\n<\/table>\n","protected":false},"excerpt":{"rendered":"<div class=\"mh-excerpt\"><p>Tennisverein H\u00f6chberg Link zur Homepage Der Tennisverein ist ein Tochterverein der TG H\u00f6chberg von 1862 e.V. Die Tennisanlage mit 4 Sandpl\u00e4tzen befindet sich am Waldsportplatz. <a class=\"mh-excerpt-more\" href=\"https:\/\/www.vereinstennisschule-neubrunn.de\/?page_id=271\" title=\"\">[&#8230;]<\/a><\/p>\n<\/div>","protected":false},"author":1,"featured_media":0,"parent":0,"menu_order":0,"comment_status":"closed","ping_status":"closed","template":"","meta":{"footnotes":""},"class_list":["post-271","page","type-page","status-publish","hentry"],"_links":{"self":[{"href":"https:\/\/www.vereinstennisschule-neubrunn.de\/index.php?rest_route=\/wp\/v2\/pages\/271","targetHints":{"allow":["GET"]}}],"collection":[{"href":"https:\/\/www.vereinstennisschule-neubrunn.de\/index.php?rest_route=\/wp\/v2\/pages"}],"about":[{"href":"https:\/\/www.vereinstennisschule-neubrunn.de\/index.php?rest_route=\/wp\/v2\/types\/page"}],"author":[{"embeddable":true,"href":"https:\/\/www.vereinstennisschule-neubrunn.de\/index.php?rest_route=\/wp\/v2\/users\/1"}],"replies":[{"embeddable":true,"href":"https:\/\/www.vereinstennisschule-neubrunn.de\/index.php?rest_route=%2Fwp%2Fv2%2Fcomments&post=271"}],"version-history":[{"count":18,"href":"https:\/\/www.vereinstennisschule-neubrunn.de\/index.php?rest_route=\/wp\/v2\/pages\/271\/revisions"}],"predecessor-version":[{"id":624,"href":"https:\/\/www.vereinstennisschule-neubrunn.de\/index.php?rest_route=\/wp\/v2\/pages\/271\/revisions\/624"}],"wp:attachment":[{"href":"https:\/\/www.vereinstennisschule-neubrunn.de\/index.php?rest_route=%2Fwp%2Fv2%2Fmedia&parent=271"}],"curies":[{"name":"wp","href":"https:\/\/api.w.org\/{rel}","templated":true}]}}