{"id":222,"date":"2018-10-21T06:47:10","date_gmt":"2018-10-21T06:47:10","guid":{"rendered":"http:\/\/compuri.de\/?page_id=222"},"modified":"2022-03-31T15:38:38","modified_gmt":"2022-03-31T15:38:38","slug":"neubrunn","status":"publish","type":"page","link":"https:\/\/www.vereinstennisschule-neubrunn.de\/?page_id=222","title":{"rendered":""},"content":{"rendered":"<p><a href=\"http:\/\/compuri.de\/wp-content\/uploads\/2018\/10\/logo-gute-Aufl\u00f6sung-1.jpg\"><img loading=\"lazy\" decoding=\"async\" class=\"wp-image-234 alignright\" src=\"http:\/\/compuri.de\/wp-content\/uploads\/2018\/10\/logo-gute-Aufl\u00f6sung-1-217x300.jpg\" alt=\"\" width=\"71\" height=\"98\" srcset=\"https:\/\/www.vereinstennisschule-neubrunn.de\/wp-content\/uploads\/2018\/10\/logo-gute-Aufl\u00f6sung-1-217x300.jpg 217w, https:\/\/www.vereinstennisschule-neubrunn.de\/wp-content\/uploads\/2018\/10\/logo-gute-Aufl\u00f6sung-1-768x1061.jpg 768w, https:\/\/www.vereinstennisschule-neubrunn.de\/wp-content\/uploads\/2018\/10\/logo-gute-Aufl\u00f6sung-1-700x967.jpg 700w, https:\/\/www.vereinstennisschule-neubrunn.de\/wp-content\/uploads\/2018\/10\/logo-gute-Aufl\u00f6sung-1.jpg 1202w\" sizes=\"auto, (max-width: 71px) 100vw, 71px\" \/><\/a><\/p>\n<h1>Tennisclub Neubrunn<\/h1>\n<h1>\u00a0\u00a0 &#8211;<strong> Familienclub\u00a0 mit Leidenschaft<br \/>\n<\/strong><\/h1>\n<p style=\"text-align: right; padding-left: 90px;\"><a href=\"http:\/\/www.tc-neubrunn.de\"><span style=\"color: #0000ff;\">\u00a0Link auf die Hompage<\/span><\/a><\/p>\n<p>Vier Sandpl\u00e4tze, eine eigene Tennishalle, zwei Kegelbahnen sowie ein \u201eautofreier\u201c Spielplatz stehen den knapp 280 Mitgliedern (Tennis: 220), davon \u00fcber 80 Kinder und Jugendliche, des TC Neubrunn zur Verf\u00fcgung. Die Jugendarbeit und ein ausgepr\u00e4gtes Vereinsleben kennzeichnen den Verein. Der TCN ist Talentinoclub (Kids von 7-12 Jahre) und wendet das Ballschul-Konzept Ballmagier ( Kids von 4-7 Jahre) konsequent an.<\/p>\n<p>Seit 2018 ist der TC Neubrunn offizieller Partner von TENNIS PEOPLE mit dem Konzept Fast Learning. Der innovative Trainingskurs bringt jedem schnelle Spiel- und Erfolgserlebnisse und das mit jeder Menge Spa\u00df.\u00a0\u00a0\u00a0\u00a0\u00a0\u00a0\u00a0\u00a0\u00a0 <a href=\"http:\/\/compuri.de\/?page_id=43\"><span style=\"color: #0000ff;\">(mehr dazu unter Konzepte)<\/span><\/a><\/p>\n<p>Wer gerne in einer Mannschaft spielen m\u00f6chte, findet in den beiden Herrenmannschaften, einer Herren30- und einer Herren55-Mannschaft sowie in den beiden Damen- oder der Damen40-Mannschaft seine M\u00f6glichkeiten. Im Jugendbereich bildet der Verein nahezu alle Altersklassen (U8-U18) ab und konnte 2016 die beste Mannschaft bei den M\u00e4dchen U12 in Unterfranken stellen! In der neuen Saison 2022 gehen insgesamt 14 Mannschaften an den Start.<\/p>\n<p style=\"text-align: left;\">Seit ein paar Jahren steigt die Mitgliederzahl kontinuierlich an &#8211; wer mit dabei sein will, ist wie bei allen unserer Kooperationsvereine nat\u00fcrlich herzlich willkommen.<\/p>\n","protected":false},"excerpt":{"rendered":"<div class=\"mh-excerpt\"><p>Tennisclub Neubrunn \u00a0\u00a0 &#8211; Familienclub\u00a0 mit Leidenschaft \u00a0Link auf die Hompage Vier Sandpl\u00e4tze, eine eigene Tennishalle, zwei Kegelbahnen sowie ein \u201eautofreier\u201c Spielplatz stehen den knapp <a class=\"mh-excerpt-more\" href=\"https:\/\/www.vereinstennisschule-neubrunn.de\/?page_id=222\" title=\"\">[&#8230;]<\/a><\/p>\n<\/div>","protected":false},"author":1,"featured_media":0,"parent":0,"menu_order":0,"comment_status":"closed","ping_status":"closed","template":"","meta":{"footnotes":""},"class_list":["post-222","page","type-page","status-publish","hentry"],"_links":{"self":[{"href":"https:\/\/www.vereinstennisschule-neubrunn.de\/index.php?rest_route=\/wp\/v2\/pages\/222","targetHints":{"allow":["GET"]}}],"collection":[{"href":"https:\/\/www.vereinstennisschule-neubrunn.de\/index.php?rest_route=\/wp\/v2\/pages"}],"about":[{"href":"https:\/\/www.vereinstennisschule-neubrunn.de\/index.php?rest_route=\/wp\/v2\/types\/page"}],"author":[{"embeddable":true,"href":"https:\/\/www.vereinstennisschule-neubrunn.de\/index.php?rest_route=\/wp\/v2\/users\/1"}],"replies":[{"embeddable":true,"href":"https:\/\/www.vereinstennisschule-neubrunn.de\/index.php?rest_route=%2Fwp%2Fv2%2Fcomments&post=222"}],"version-history":[{"count":48,"href":"https:\/\/www.vereinstennisschule-neubrunn.de\/index.php?rest_route=\/wp\/v2\/pages\/222\/revisions"}],"predecessor-version":[{"id":619,"href":"https:\/\/www.vereinstennisschule-neubrunn.de\/index.php?rest_route=\/wp\/v2\/pages\/222\/revisions\/619"}],"wp:attachment":[{"href":"https:\/\/www.vereinstennisschule-neubrunn.de\/index.php?rest_route=%2Fwp%2Fv2%2Fmedia&parent=222"}],"curies":[{"name":"wp","href":"https:\/\/api.w.org\/{rel}","templated":true}]}}